inder when f(-6) is divided by 11?
5
Suppose g + 4 = 0, 0*r = -r + 2*g + 9. Let v(u) = 3*u**2 + u - 2. Let t be v(r). Calculate the remainder when (-120)/16*(-8 + t) is divided by 12.
9
Let u(h) = 5*h - 8. Suppose 2*n = 0, 4*g + 4*n + 0*n + 56 = 0. Calculate the remainder when u(6) is divided by ((-6)/(-9))/(g/(-252)).
10
Suppose 89 = x - 21*z, z + 27 = 3*x + 8. Let f(y) = -y**2 + y + 5. What is the remainder when x is divided by f(0)?
0
Let m(t) = -43*t - 21. Let f = 2511 + -2464. Calculate the remainder when m(-19) is divided by f.
44
Let u(m) = 2*m**2 + 173*m + 3010. What is the remainder when u(-21) is divided by 152?
107
Suppose 0 = -2*p - 5*t + 272, p - 5*t = -4*t + 150. What is the remainder when 374 is divided by p?
82
Suppose 0 = -41*z - 85*z + 3888 + 11358. What is the remainder when 137 is divided by z?
16
Let q = 35316 - 35181. Calculate the remainder when 551 is divided by q.
11
Let r = 146 + -143. Suppose 3*v = 4*s - 450, r*s + 56 = v + 391. What is the remainder when s is divided by 28?
27
Suppose 6020 = 175*m + 2170. What is the remainder when 276 is divided by m?
12
Let t be (-3 - 1) + 6 + -3. What is the remainder when 63 is divided by (10/30)/(t/(-81))?
9
Calculate the remainder when 2 - (-12 - (52/13 + 64)) is divided by 78.
4
Suppose 2*l + 5*g - 49 = 0, -6*l - 63 = -10*l - 5*g. What is the remainder when 510 is divided by l?
6
Calculate the remainder when 208 is divided by (110/(-165) - (-10)/24)*-236.
31
Let w = -184 + 188. Suppose 3*f + 16 = -f, w*v = 3*f + 68. Calculate the remainder when 55 is divided by v.
13
Let n(v) = 0 - 2 - 2*v - 3 + 205*v**2 + 2. Let x be n(-1). Let r = x - 135. Calculate the remainder when r is divided by 18.
15
Let k be -162*(-8 - -1)/14. Suppose 6*t - t - 423 = 4*v, t = -v + k. What is the remainder when t is divided by (0 + 1)/((-2)/(-42))?
20
Let j(f) = 4*f + 15. Let x be j(-5). Calculate the remainder when ((-188)/12 - x)*-12 is divided by 48.
32
Suppose 3*t + p - 24 = 0, -91*t + p + 30 = -88*t. What is the remainder when 383 is divided by t?
5
Suppose -42*m - 317*m + 52055 = 0. What is the remainder when 286 is divided by m?
141
Suppose 0 = 9*i + 206 - 251. Let p(f) = f**2 + f + 23. What is the remainder when p(0) is divided by i?
3
Suppose s = 3*s - 50. Let u be (4/9 + (-2080)/468)/((-4)/18). Suppose u*f = s*f - 49. Calculate the remainder when 37 is divided by f.
2
Suppose -49*o - 2538 = -144*o + 1357. Calculate the remainder when 221 is divided by o.
16
Let t(a) be the third derivative of a**6/12 - a**5/60 - a**4/12 + 2*a**3/3 + 15*a**2. Calculate the remainder when t(2) is divided by 13.
11
Let v(k) = -k**3 - 31*k**2 - 20*k - 124. Let x be v(-30). Let j = x - -436. Calculate the remainder when 89 is divided by j.
5
Suppose 94734 = 8*y + 106*y. What is the remainder when y is divided by 15?
6
Let k be 2 - 5 - (2 - -1). Suppose -4*m - 15 = -5*a + 50, 4*m = 2*a - 38. Let f = a - k. Calculate the remainder when 73 is divided by f.
13
Let g(f) = -35*f**3 + f**2 - f + 1. Let o be g(1). Calculate the remainder when 47 is divided by -4*(o/4 + 2).
21
Suppose -8*s + 4*g = -5*s - 165, -5*s = -3*g - 297. Suppose 2*i + 4*h - 94 = 0, 5*i = 4*i - h + 42. What is the remainder when s is divided by i?
26
Let u(p) be the third derivative of -19*p**2 + 1/10*p**5 + 0 + 1/12*p**4 - 1/3*p**3 + 0*p. What is the remainder when u(1) is divided by 3?
0
Let c = 14 + -10. Let d be (2 - -4)/((-87)/(-58)). Suppose 0 = 5*a - c*j - 381, -2*a + 3*j = -d*a + 157. What is the remainder when a is divided by 21?
14
Let w(q) = -5*q**2 - 68*q - 24. Calculate the remainder when 978 is divided by w(-4).
138
Let w(p) = 11*p**2 - 60*p + 33. Calculate the remainder when w(7) is divided by 64.
24
Let z = 575848 + -575810. Let c = -40 - -73. What is the remainder when z is divided by c?
5
Suppose 5*l - 18 = 2. What is the remainder when (1/3)/(3*15/2565) is divided by l?
3
Let c be 0 + 10328/(-24) - (-2)/(-3). Let u = c - -446. Calculate the remainder when 52 is divided by u.
7
Suppose -4*t = -288 + 164. What is the remainder when (-602)/(-10) - 10/50 is divided by t?
29
Let l = -5159 - -7028. Calculate the remainder when l is divided by 22.
21
Let v(f) = f**2 - 24*f + 139. Let a be v(9). Suppose 34 - 46 = -3*x, -x - 4 = -a*i. What is the remainder when 8 is divided by i?
0
Let n(t) be the second derivative of -t**5/20 + 11*t**4/12 + t**3/3 - 3*t - 11. What is the remainder when n(6) is divided by 39?
36
Suppose x - 3279 = -4*i, 4*x = -0*i + 4*i - 3284. Suppose 0 = 20*n - 24*n + i. Suppose -179 = -3*g + n. What is the remainder when g is divided by 26?
24
Suppose 2*f - 42 = -0*f + 5*p, p = -4*f + 84. Let d = 79018 + -78921. What is the remainder when d is divided by f?
13
Let q(v) = v**2 - v. Let c(d) = -4*d**2 - d - 11. Let w(m) = -c(m) - 2*q(m). What is the remainder when 54 is divided by w(-3)?
14
Suppose 43*o = -9*o - 104. Let w(n) = -36*n**3 + 5*n**2 - 13. What is the remainder when w(o) is divided by 75?
70
Let j(w) = w**3 + 2*w**2 - 6*w - 1. Let d be j(-5). Let t = d + 51. Suppose -g - 2*s = -2, -s + 10 = t*g + 2*s. Calculate the remainder when 7 is divided by g.
1
Let v(x) = 3*x**3 - x**2 - 20*x - 19. Let w be v(-1). What is the remainder when 232 is divided by ((-3)/6)/(w/156)?
24
Suppose 4*x = j + 1159 - 374, -2*x + 375 = -3*j. What is the remainder when 10490 is divided by x?
194
Suppose i - 55 = y, 224 = 4*i - 0*y - 2*y. Calculate the remainder when i is divided by ((-4)/7)/((-160)/(-84) - 2).
3
Let c(h) = h**2 + h + 4. Let w = -56 + 52. Let z(t) = 5*t - 5. What is the remainder when z(7) is divided by c(w)?
14
Let p be 38 + -1 - (4 + 0 - 6). Suppose -2 + p = c. Suppose 0 = 42*z - 67*z + 1775. What is the remainder when z is divided by c?
34
Let s be (10 - 11)*63/(9/(-3)). Suppose s*b + 465 = 26*b. What is the remainder when b is divided by 24?
21
Suppose -247 = -27*z - 2*z + 333. Calculate the remainder when 12878 is divided by z.
18
Let j = -1174 + 1459. Calculate the remainder when j is divided by 55.
10
Let o = 2701 + -2355. Calculate the remainder when o is divided by 166.
14
Suppose 2*s - 4*a = -3*s + 366, 76 = s + 2*a. Suppose s = c - 45. What is the remainder when c is divided by 60?
59
Suppose -214 = -3*m - 2*b, 4*m = m - 4*b + 224. Suppose 64*g = m*g - 120. What is the remainder when g is divided by 9?
3
Let b be (44 - 1)/(13 + -12). Suppose 3*t + 0*y = -4*y + 28, -5*t - 3*y = -b. What is the remainder when 119 is divided by t?
7
Let d(i) = i**3 + 19*i**2 + 60*i + 44. Calculate the remainder when d(-11) is divided by 64.
32
Let l(c) be the first derivative of -23*c**2/2 + 12*c - 21. Let y be l(-6). Let j = -147 + y. What is the remainder when 7 is divided by j?
1
Let y = -719 + 769. What is the remainder when 534 is divided by y?
34
Suppose -2*y + 0*y - 2 = 0, 3*y = 5*t - 518. Let c = t - 35. Suppose 4*w + 2 = 50. What is the remainder when c is divided by w?
8
Suppose -343*y + 350*y - 25921 = 0. What is the remainder when y is divided by 34?
31
Let g be 250/3 - (-134)/201. Calculate the remainder when g/(-5 + (-81)/(-15)) is divided by 53.
51
Let y(l) = -l**3 - 12*l**2 + 2*l + 3. Let r be y(-12). Let j be 6/r + 72/7. Suppose 13*m - j*m - 327 = 0. What is the remainder when m is divided by 14?
11
Suppose m = 20 + 10. Suppose -5*g = -3*z + 6, -1 = -2*g - 2*z + 3. Suppose -5*a - 14 - 11 = g, 4*a - 13 = -3*b. What is the remainder when m is divided by b?
8
Let c = -3602 + 3654. What is the remainder when 189 is divided by c?
33
Let m(y) = y**2 - y - 2. Let i be m(4). What is the remainder when 191 - 1 - (13 - i) is divided by 48?
43
Let z be 2 + (-82 - (-3 + (-1)/(-1))). Let v = 91 + z. Suppose 266 + v = 9*p. Calculate the remainder when 122 is divided by p.
29
Let r(d) = 307*d + 2492. Calculate the remainder when r(-6) is divided by 3.
2
What is the remainder when ((-14800)/259)/((-8)/28) is divided by 100?
0
Let j = 4 - -7. Calculate the remainder when (750*13/65)/2 is divided by j.
9
Let c(o) = 80*o - 57. Calculate the remainder when 7104 is divided by c(2).
100
Let w(p) = 476*p + 1043. Calculate the remainder when w(2) is divided by 996.
3
Let q = -4026 + 4043. Calculate the remainder when 2979/45 + 2/(-10) is divided by q.
15
Let q(g) = -958 - 2*g + 1953 - 900 - 10*g. What is the remainder when 92 is d